13, 1597, 18353
List the prime factors of 200316807.
3, 274783
List the prime factors of 40093608.
2, 3, 1670567
List the prime factors of 171335505.
3, 5, 11, 181, 5737
What are the prime factors of 38562494?
2, 17, 647, 1753
What are the prime factors of 103110433?
31, 47, 70769
What are the prime factors of 690936954?
2, 3, 367, 313777
List the prime factors of 1724236506.
2, 3, 95790917
What are the prime factors of 7242185541?
3, 127, 19008361
What are the prime factors of 188512442?
2, 94256221
List the prime factors of 4477898318.
2, 2238949159
List the prime factors of 78872073.
3, 7, 109, 34457
What are the prime factors of 729855727?
43, 241, 70429
List the prime factors of 37405034.
2, 19, 31, 113, 281
List the prime factors of 287756340.
2, 3, 5, 4795939
List the prime factors of 366772183.
41, 8945663
What are the prime factors of 853569528?
2, 3, 7, 19, 29, 9221
List the prime factors of 16500680.
2, 5, 7, 31, 1901
List the prime factors of 910544634.
2, 3, 50585813
List the prime factors of 151130839.
5639, 26801
List the prime factors of 1931899150.
2, 5, 38637983
What are the prime factors of 2985586?
2, 1492793
List the prime factors of 273011667.
3, 67, 367, 3701
List the prime factors of 381542182.
2, 7, 43, 633791
List the prime factors of 719943528.
2, 3, 29997647
List the prime factors of 1216717595.
5, 23, 179, 59107
List the prime factors of 147172057.
2711, 54287
List the prime factors of 838635165.
3, 5, 53, 79, 4451
List the prime factors of 2849780.
2, 5, 89, 1601
What are the prime factors of 2793413293?
11, 17, 1327, 11257
List the prime factors of 1481780427.
3, 493926809
List the prime factors of 3838357201.
7, 89, 191, 32257
What are the prime factors of 1473206665?
5, 7, 42091619
List the prime factors of 1658359497.
3, 467, 1183697
List the prime factors of 33571424.
2, 263, 3989
What are the prime factors of 175138430?
2, 5, 17513843
What are the prime factors of 826332889?
17, 48607817
What are the prime factors of 136113484?
2, 13, 2617567
What are the prime factors of 593658038?
2, 296829019
What are the prime factors of 183857699?
19, 23, 37, 83, 137
List the prime factors of 6258552481.
19, 61, 991, 5449
List the prime factors of 1096812043.
67, 991, 16519
List the prime factors of 113520049.
139, 816691
What are the prime factors of 2480643041?
67, 1021, 36263
What are the prime factors of 301229329?
97, 877, 3541
What are the prime factors of 4106962?
2, 17, 199, 607
List the prime factors of 5719580.
2, 5, 285979
What are the prime factors of 25974093?
3, 353, 24527
What are the prime factors of 209475565?
5, 13, 929, 3469
List the prime factors of 4561063964.
2, 1140265991
What are the prime factors of 2856895?
5, 47, 12157
List the prime factors of 310946063.
310946063
What are the prime factors of 41389915?
5, 7, 223, 5303
List the prime factors of 1511667949.
11, 19, 29, 443, 563
List the prime factors of 4151846555.
5, 619, 1341469
What are the prime factors of 3723397640?
2, 5, 93084941
What are the prime factors of 46342145?
5, 29, 319601
List the prime factors of 69009497.
69009497
What are the prime factors of 10793072?
2, 23, 139, 211
What are the prime factors of 2192774?
2, 23, 73, 653
What are the prime factors of 1257552207?
3, 2671, 52313
What are the prime factors of 279303635?
5, 13, 4296979
List the prime factors of 300236.
2, 47, 1597
What are the prime factors of 62642724?
2, 3, 5220227
What are the prime factors of 1694243398?
2, 847121699
List the prime factors of 1637572309.
761, 2151869
List the prime factors of 3230621903.
3230621903
List the prime factors of 88495675.
5, 29, 37, 3299
List the prime factors of 1426787696.
2, 17, 5245543
List the prime factors of 4240181232.
2, 3, 7, 4206529
List the prime factors of 51901294.
2, 23, 1128289
List the prime factors of 746464412.
2, 186616103
List the prime factors of 46726335.
3, 5, 89, 3889
List the prime factors of 131766015.
3, 5, 8784401
What are the prime factors of 1780540445?
5, 19, 73, 13513
List the prime factors of 32426397.
3, 197, 18289
What are the prime factors of 4936867008?
2, 3, 59, 107, 4073
List the prime factors of 77249730.
2, 3, 5, 317, 8123
List the prime factors of 2296016298.
2, 3, 127556461
What are the prime factors of 1462734349?
17, 31, 307, 9041
What are the prime factors of 13001987?
1889, 6883
List the prime factors of 122713345.
5, 31, 791699
What are the prime factors of 573420840?
2, 3, 5, 67, 73, 977
What are the prime factors of 77196080?
2, 5, 13, 199, 373
What are the prime factors of 2622944470?
2, 5, 647, 405401
List the prime factors of 307846878.
2, 3, 1847, 27779
What are the prime factors of 1509798382?
2, 754899191
What are the prime factors of 5902854?
2, 3, 983809
List the prime factors of 221856446.
2, 7, 15846889
What are the prime factors of 58812993?
3, 2178259
List the prime factors of 31181052.
2, 3, 7, 19, 2791
List the prime factors of 114585601.
13, 307, 28711
List the prime factors of 339762696.
2, 3, 7, 13, 155569
List the prime factors of 38665118.
2, 19332559
What are the prime factors of 1378111004?
2, 17099, 20149
What are the prime factors of 62762815?
5, 29, 432847
What are the prime factors of 1337908112?
2, 83619257
What are the prime factors of 107253874?
2, 7, 13, 53, 11119
List the prime factors of 569737273.
7, 439, 185401
What are the prime factors of 422727497?
223, 1187, 1597
What are the prime factors of 1155128917?
47, 109, 225479
What are the prime factors of 962040870?
2, 3, 5, 7, 19, 179, 449
What are the prime factors of 2457357?
3, 7, 117017
What are the prime factors of 256968246?
2, 3, 29, 59, 25031
List the prime factors of 420556424.
2, 52569553
What are the prime factors of 5215785841?
7, 1951, 54559
What are the prime factors of 32755606?
2, 13, 233, 5407
What are the prime factors of 379175408?
2, 37, 640499
What are the prime factors of 624608396?
2, 37, 4220327
List the prime factors of 61519768.
2, 7689971
What are the prime factors of 79822172?
2, 37, 539339
List the prime factors of 1554398409.
3, 307, 1687729
List the prime factors of 103411390.
2, 5, 29, 356591
What are the prime factors of 46740505?
5, 7, 569, 2347
List the prime factors of 57127845.
3, 5, 241, 15803
What are the prime factors of 644205252?
2, 3, 23, 2334077
List the prime factors of 463365143.
269, 293, 5879
List the prime factors of 422324139.
3, 3229, 43597
List the prime factors of 63152301.
3, 31, 673, 1009
What are the prime factors of 1008762993?
3, 7, 83, 192917
List the prime factors of 808304866.
2, 2357, 171469
List the prime factors of 1537580761.
1537580761
What are the prime factors of 154512691?
1163, 132857
What are the prime factors of 6690412510?
2, 5, 669041251
What are the prime factors of 4098177?
3, 455353
What are the prime factors of 85018042?
2, 53, 67, 11971
What are the prime factors of 839804080?
2, 5, 17, 53, 61, 191
What are the prime factors of 75520824?
2, 3, 3146701
List the prime factors of 2161096020.
2, 3, 5, 1409, 8521
List the prime factors of 22694345.
5, 109, 41641
What are the prime factors of 7826593?
821, 9533
What are the prime factors of 262887564?
2, 3, 31, 223, 3169
What are the prime factors of 57626300?
2, 5, 173, 3331
List the prime factors of 1046804174.
2, 13, 40261699
What are the prime factors of 8297222?
2, 4148611
What are the prime factors of 3760268843?
71, 2309, 22937
What are the prime factors of 165685574?
2, 82842787
What are the prime factors of 17895436?
2, 13, 29, 11867
What are the prime factors of 1694702?
2, 29, 61, 479
What are the prime factors of 1045473371?
1045473371
List the prime factors of 5527636925.
5, 221105477
List the prime factors of 72084630.
2, 3, 5, 67, 35863
List the prime factors of 697081758.
2, 3, 29, 53, 269, 281
List the prime factors of 4548415022.
2, 677, 3359243
What are the prime factors of 1320674385?
3, 5, 47, 1873297
List the prime factors of 233448032.
2, 43, 169657
What are the prime factors of 14537977?
31, 468967
What are the prime factors of 137637691?
19, 7244089
What are the prime factors of 159895971?
3, 5922073
What are the prime factors of 14710995?
3, 5, 13, 25147
What are the prime factors of 552555566?
2, 67, 311, 13259
What are the prime factors of 16